f 445556800 and 640.
320
What is the greatest common factor of 103279088 and 352?
176
What is the highest common factor of 14416 and 13787?
17
What is the highest common factor of 4965 and 1372657?
331
Calculate the greatest common divisor of 4173824 and 3072.
1024
Calculate the greatest common factor of 39668 and 2029609.
211
Calculate the greatest common factor of 200892 and 22332.
12
What is the greatest common factor of 330 and 585615855?
165
What is the greatest common divisor of 6137388 and 90?
18
What is the highest common factor of 27560176 and 3472?
112
What is the greatest common factor of 503613 and 158103?
99
What is the greatest common factor of 157986 and 25686594?
1206
Calculate the greatest common divisor of 5860555 and 85.
5
Calculate the highest common factor of 1533995 and 1020.
85
Calculate the highest common divisor of 736 and 4368192.
32
Calculate the highest common factor of 193330389 and 4008.
501
What is the greatest common divisor of 920 and 25520340?
460
What is the greatest common divisor of 119 and 2569756?
7
Calculate the greatest common divisor of 5193089 and 506168.
4867
Calculate the highest common divisor of 133770 and 17205.
15
Calculate the greatest common factor of 41837385 and 3.
3
What is the greatest common factor of 4866320 and 118?
118
Calculate the highest common factor of 215808714 and 891.
99
What is the highest common divisor of 2520321 and 5809?
157
Calculate the highest common factor of 1457050 and 2990.
230
What is the greatest common factor of 617841869 and 1013?
1013
What is the highest common factor of 15512 and 36141?
7
Calculate the greatest common factor of 5339795 and 787060.
6785
What is the highest common factor of 299186684 and 4?
4
What is the highest common divisor of 1391243 and 69093?
853
Calculate the highest common factor of 2112341 and 12397.
539
Calculate the greatest common factor of 4455094578 and 114.
114
What is the highest common divisor of 1219572 and 4332?
228
What is the highest common divisor of 12 and 1508736?
12
What is the highest common factor of 153 and 57629643?
51
What is the highest common factor of 1116 and 34092?
36
Calculate the highest common factor of 130 and 23578646.
26
What is the greatest common divisor of 67 and 361199?
1
What is the highest common divisor of 219660 and 388080?
420
What is the greatest common factor of 155664 and 5736?
24
Calculate the greatest common divisor of 1162 and 47803434.
14
Calculate the greatest common divisor of 81 and 120611.
1
What is the greatest common divisor of 286611072 and 384?
384
Calculate the highest common factor of 1620522 and 3213624.
2742
What is the highest common divisor of 105787264 and 132?
44
What is the highest common factor of 247723 and 2655821?
5761
Calculate the greatest common divisor of 89432384 and 17272.
1016
Calculate the highest common divisor of 2015581563 and 5589.
1863
What is the greatest common divisor of 7656664 and 8?
8
What is the highest common factor of 1243 and 1639404?
113
Calculate the highest common divisor of 1424 and 67841051.
89
Calculate the highest common divisor of 2709081 and 19039.
241
What is the highest common factor of 50 and 161957025?
25
Calculate the greatest common divisor of 13612968 and 108.
108
What is the greatest common factor of 1135 and 196427867?
227
Calculate the greatest common factor of 1125 and 3171600.
225
What is the highest common divisor of 1116 and 762376986?
558
What is the highest common factor of 903 and 114874887?
129
What is the greatest common divisor of 17977803 and 369?
123
Calculate the greatest common divisor of 445984 and 158375.
1267
What is the greatest common divisor of 850573 and 2047?
89
What is the greatest common factor of 669312 and 18256896?
8064
What is the highest common divisor of 105798960 and 168?
24
What is the greatest common factor of 4154 and 709807?
31
Calculate the highest common divisor of 182 and 511862.
26
Calculate the highest common factor of 918731 and 85.
17
What is the highest common factor of 1209 and 37760139?
93
Calculate the highest common factor of 13149 and 315.
9
Calculate the greatest common factor of 1741549462 and 323.
323
What is the highest common divisor of 19166176 and 2944?
736
What is the greatest common divisor of 1263 and 494560909?
421
What is the greatest common factor of 2714157 and 6693?
291
What is the highest common factor of 1671782 and 6867?
7
What is the greatest common factor of 22806 and 21231?
63
Calculate the highest common divisor of 178 and 1386353.
89
Calculate the highest common divisor of 66820471 and 1289.
1289
Calculate the highest common factor of 25020 and 8608.
4
What is the highest common factor of 211 and 8957161?
211
What is the highest common factor of 5763562 and 70?
14
What is the greatest common divisor of 1111 and 2398245?
101
Calculate the highest common factor of 86549 and 1567634.
1219
Calculate the highest common divisor of 422384 and 24.
8
Calculate the highest common factor of 167534 and 304896.
794
Calculate the highest common factor of 1352273 and 377.
13
What is the highest common factor of 5148 and 55993652?
572
What is the greatest common factor of 1294 and 1499099?
647
What is the greatest common factor of 26462 and 67064?
202
Calculate the greatest common divisor of 17476676 and 3364.
116
Calculate the greatest common factor of 1321266 and 112398.
786
What is the greatest common divisor of 495 and 938685?
165
What is the highest common factor of 168 and 10376079?
21
Calculate the highest common factor of 93 and 51131586.
93
Calculate the highest common factor of 6590 and 341420.
10
What is the highest common factor of 1794975 and 28560?
105
Calculate the highest common divisor of 13290 and 173010.
30
What is the greatest common factor of 151866042 and 2804?
1402
Calculate the greatest common factor of 3409626 and 89034.
1254
Calculate the greatest common factor of 144655 and 187845.
35
What is the greatest common divisor of 117966 and 48318?
6
Calculate the greatest common divisor of 113671 and 64040.
1601
What is the highest common factor of 40140 and 34960?
20
What is the greatest common factor of 623415 and 10678785?
4485
What is the greatest common factor of 18286 and 8474?
446
What is the greatest common divisor of 100925 and 18337?
11
What is the greatest common divisor of 727 and 135528794?
727
What is the greatest common factor of 222850 and 2230?
10
What is the highest common factor of 196 and 8670900?
28
What is the highest common divisor of 14192655 and 150?
15
Calculate the greatest common divisor of 76 and 9910970.
38
What is the greatest common factor of 3266812 and 4?
4
Calculate the greatest common factor of 4095 and 2643199.
13
Calculate the greatest common factor of 12598144 and 479120.
1808
What is the highest common divisor of 789 and 13552916?
263
Calculate the greatest common divisor of 324338 and 67018.
14
What is the highest common factor of 195 and 62336235?
195
What is the greatest common factor of 873 and 36362778?
291
What is the greatest common factor of 11970589 and 15219?
1691
What is the greatest common factor of 140 and 63143892?
28
What is the greatest common factor of 749 and 1471143?
107
Calculate the highest common factor of 6116 and 524169.
139
Calculate the highest common divisor of 140 and 24175984.
28
Calculate the highest common factor of 1097111196 and 324.
108
What is the highest common factor of 85160370 and 1203?
1203
What is the greatest common divisor of 34 and 3367870153?
17
What is the highest common factor of 288224 and 162?
2
Calculate the greatest common factor of 11 and 206185243.
11
What is the highest common factor of 7303 and 98088?
67
Calculate the greatest common divisor of 128 and 51875288.
8
What is the greatest common factor of 54510 and 1287195?
345
Calculate the greatest common divisor of 16938673 and 2.
1
What is the highest common divisor of 144043276 and 156?
52
What is the highest common factor of 214 and 62669686?
214
Calculate the greatest common divisor of 551128 and 312.
8
What is the highest common factor of 60773530 and 17196?
2866
Calculate the greatest common divisor of 2528 and 4053253.
79
Calculate the greatest common divisor of 32 and 2303597.
1
What is the highest 